{"id":3,"date":"2022-05-17T08:37:42","date_gmt":"2022-05-17T08:37:42","guid":{"rendered":"https:\/\/www.delapuerta.com\/paratodaslaspersonas\/?page_id=3"},"modified":"2024-02-29T09:46:11","modified_gmt":"2024-02-29T09:46:11","slug":"politica-privacidad","status":"publish","type":"page","link":"https:\/\/www.delapuerta.com\/paratodaslaspersonas\/politica-privacidad\/","title":{"rendered":"Pol\u00edtica de privacidad"},"content":{"rendered":"<p><b>POL\u00cdTICA DE PRIVACIDAD<\/b><\/p>\n<p>Esta informaci\u00f3n se complementa con la p\u00e1gina de aviso legal en la que se encuentran los datos legales.<\/p>\n<p>&nbsp;<\/p>\n<p><b>Tratamiento de Datos de Car\u00e1cter Personal<\/b><\/p>\n<p>Algunos de los servicios que ofrece la web precisan la recogida de datos personales.<\/p>\n<p>&nbsp;<\/p>\n<p><b>1 \u2013 CONFORMIDAD<\/b><\/p>\n<p>El interesado autoriza a EL PROPIETARIO DE LA WEB, a que de conformidad con lo establecido en el Reglamento (UE) 2016\/679 General de Protecci\u00f3n de Datos, realice el tratamiento automatizado de los datos personales que suministre voluntariamente a trav\u00e9s de formularios electr\u00f3nicos y\/o correos electr\u00f3nicos. En virtud de lo anterior se le proporciona la siguiente informaci\u00f3n:<\/p>\n<p>Informaci\u00f3n b\u00e1sica sobre Protecci\u00f3n de Datos<\/p>\n<p><b>\u00a0\u2013 Finalidad: <\/b>Tratamiento de datos de car\u00e1cter personal, con el fin de ser informado sobre aspectos corporativos, as\u00ed como de productos y servicios de EL PROPIETARIO DE LA WEB<\/p>\n<p><b>\u00a0\u2013 Legitimaci\u00f3n: <\/b>Consentimiento del interesado.<\/p>\n<p><b>\u00a0\u2013 Destinatarios: <\/b>Los datos facilitados no ser\u00e1n objeto de cesi\u00f3n a terceros, teniendo \u00fanicamente acceso a \u00e9stos EL PROPIETARIO DE LA WEB, empresas participadas y filiales de la misma.<\/p>\n<p><b>\u00a0\u2013 Derechos: <\/b>Acceder, rectificar y suprimir los datos, as\u00ed como otros derechos incluidos en la pol\u00edtica de privacidad.<\/p>\n<p>&nbsp;<\/p>\n<p><b>2 \u2013 SEGURIDAD<\/b><\/p>\n<p>EL PROPIETARIO DE LA WEB, ha adoptado y adoptar\u00e1 todas las medidas t\u00e9cnicas y organizativas de seguridad que sean de obligaci\u00f3n de conformidad con lo establecido por la legislaci\u00f3n vigente y los est\u00e1ndares de calidad existentes en el sector, a fin de garantizar al m\u00e1ximo la seguridad y confidencialidad de las comunicaciones. EL PROPIETARIO DE LA WEB, garantiza que existen controles para prevenir la apertura de brechas en la seguridad u otras consecuencias negativas, adoptando las medidas organizativas y los procedimientos t\u00e9cnicos m\u00e1s adecuados con el fin de minimizar los riesgos. No obstante lo anterior, el usuario reconoce y acepta que las medidas de seguridad en Internet no son inexpugnables.<\/p>\n<p>&nbsp;<\/p>\n<p><b>3 \u2013 FINALIDAD<\/b><\/p>\n<p>Le comunicamos que sus datos personales \u00fanicamente ser\u00e1n tratados, con el fin de ser informado sobre aspectos corporativos, as\u00ed como de productos y servicios de EL PROPIETARIO DE LA WEB<\/p>\n<p>&nbsp;<\/p>\n<p><b>4 \u2013 LEGITIMACI\u00d3N<\/b><\/p>\n<p>La legitimaci\u00f3n de la recogida y tratamiento de sus datos personales, as\u00ed como su inclusi\u00f3n en un listado, se basa en la obtenci\u00f3n de su consentimiento. Debido a que la finalidad del tratamiento no se basa en una obligaci\u00f3n legal, o de inter\u00e9s leg\u00edtimo del responsable, ni para la ejecuci\u00f3n de un contrato o por ser una misi\u00f3n de inter\u00e9s p\u00fablico, le requerimos que nos preste su consentimiento para tratar sus datos de una forma l\u00edcita.<\/p>\n<p>&nbsp;<\/p>\n<p><b>5 \u2013 PLAZO DE CONSERVACI\u00d3N<\/b><\/p>\n<p>EL PROPIETARIO DE LA WEB conservar\u00e1 los datos personales proporcionados mientras se mantenga el inter\u00e9s del Responsable que motiv\u00f3 la recogida de los datos y no se solicite su supresi\u00f3n por parte de la persona interesada. As\u00ed como el plazo de conservaci\u00f3n establecido legalmente.<\/p>\n<p>&nbsp;<\/p>\n<p><b>6 \u2013 DESTINATARIOS<\/b><\/p>\n<p>Los datos facilitados no ser\u00e1n objeto de cesi\u00f3n a terceros, teniendo \u00fanicamente acceso a \u00e9stos EL PROPIETARIO DE LA WEB, empresas participadas y filiales de la misma, siguiendo la Normativa Corporativa de EL PROPIETARIO DE LA WEB y la Pol\u00edtica de Privacidad.<\/p>\n<p>&nbsp;<\/p>\n<p><b>7 \u2013 DERECHOS<\/b><\/p>\n<p>La persona interesada tendr\u00e1 derecho a obtener la confirmaci\u00f3n sobre si el responsable o alguna empresa de su grupo est\u00e1n tratando sus datos personales o no, y en tal caso, derecho de acceso a sus datos personales. En este sentido, el interesado tendr\u00e1 derecho a limitaci\u00f3n del tratamiento de los datos entregados.<\/p>\n<p>Los interesados podr\u00e1n suprimir sus datos personales, adem\u00e1s el responsable estar\u00e1 obligado a suprimir sin dilaci\u00f3n indebida sus datos personales cuando ya no sean necesarios para los fines que fueron recogidos, el interesado retire el consentimiento, se oponga al tratamiento, estos sean tratados il\u00edcitamente o cuando deban suprimirse para el cumplimiento de una obligaci\u00f3n legal establecida en el Derecho de la Uni\u00f3n o de los Estados miembros. De la misma forma, el interesado podr\u00e1 solicitar la rectificaci\u00f3n de los datos personales inexactos.<\/p>\n<p>As\u00ed mismo, los interesados se podr\u00e1n oponer en cualquier momento, por motivos relacionados con su situaci\u00f3n particular, a que sus datos personales sean objeto de tratamiento, incluida la elaboraci\u00f3n de perfiles. El responsable dejar\u00e1 de tratar los datos, salvo por motivos leg\u00edtimos imperiosos, o el ejercicio o la defensa de posibles reclamaciones.<\/p>\n<p>El responsable comunicar\u00e1 cualquier rectificaci\u00f3n o supresi\u00f3n de datos personales o limitaci\u00f3n del tratamiento efectuado.<\/p>\n<p>Finalmente, el interesado tendr\u00e1 derecho a la portabilidad de sus datos, esto es, a recibir sus datos personales que haya facilitado a un responsable, en formato estructurado de uso com\u00fan y lectura mec\u00e1nica, y a transmitirlos a otro responsable del tratamiento sin que lo impida el responsable al que se los hubiera facilitado.<\/p>\n<p>&nbsp;<\/p>\n","protected":false},"excerpt":{"rendered":"<p>POL\u00cdTICA DE PRIVACIDAD Esta informaci\u00f3n se complementa con la p\u00e1gina de aviso legal en la que se encuentran los datos legales. &nbsp; Tratamiento de Datos de Car\u00e1cter Personal Algunos de los servicios que ofrece la web precisan la recogida de datos personales. &nbsp; 1 \u2013 CONFORMIDAD El interesado autoriza a EL PROPIETARIO DE LA WEB, [&hellip;]<\/p>\n","protected":false},"author":2,"featured_media":0,"parent":0,"menu_order":0,"comment_status":"closed","ping_status":"closed","template":"","meta":{"_acf_changed":false,"footnotes":""},"class_list":["post-3","page","type-page","status-publish","hentry"],"acf":[],"_links":{"self":[{"href":"https:\/\/www.delapuerta.com\/paratodaslaspersonas\/wp-json\/wp\/v2\/pages\/3","targetHints":{"allow":["GET"]}}],"collection":[{"href":"https:\/\/www.delapuerta.com\/paratodaslaspersonas\/wp-json\/wp\/v2\/pages"}],"about":[{"href":"https:\/\/www.delapuerta.com\/paratodaslaspersonas\/wp-json\/wp\/v2\/types\/page"}],"author":[{"embeddable":true,"href":"https:\/\/www.delapuerta.com\/paratodaslaspersonas\/wp-json\/wp\/v2\/users\/2"}],"replies":[{"embeddable":true,"href":"https:\/\/www.delapuerta.com\/paratodaslaspersonas\/wp-json\/wp\/v2\/comments?post=3"}],"version-history":[{"count":2,"href":"https:\/\/www.delapuerta.com\/paratodaslaspersonas\/wp-json\/wp\/v2\/pages\/3\/revisions"}],"predecessor-version":[{"id":362,"href":"https:\/\/www.delapuerta.com\/paratodaslaspersonas\/wp-json\/wp\/v2\/pages\/3\/revisions\/362"}],"wp:attachment":[{"href":"https:\/\/www.delapuerta.com\/paratodaslaspersonas\/wp-json\/wp\/v2\/media?parent=3"}],"curies":[{"name":"wp","href":"https:\/\/api.w.org\/{rel}","templated":true}]}}

Política de privacidad

<p><b>POLÍTICA DE PRIVACIDAD</b></p>
<p>Esta información se complementa con la página de aviso legal en la que se encuentran los datos legales.</p>
<p>&nbsp;</p>
<p><b>Tratamiento de Datos de Carácter Personal</b></p>
<p>Algunos de los servicios que ofrece la web precisan la recogida de datos personales.</p>
<p>&nbsp;</p>
<p><b>1 – CONFORMIDAD</b></p>
<p>El interesado autoriza a EL PROPIETARIO DE LA WEB, a que de conformidad con lo establecido en el Reglamento (UE) 2016/679 General de Protección de Datos, realice el tratamiento automatizado de los datos personales que suministre voluntariamente a través de formularios electrónicos y/o correos electrónicos. En virtud de lo anterior se le proporciona la siguiente información:</p>
<p>Información básica sobre Protección de Datos</p>
<p><b> – Finalidad: </b>Tratamiento de datos de carácter personal, con el fin de ser informado sobre aspectos corporativos, así como de productos y servicios de EL PROPIETARIO DE LA WEB</p>
<p><b> – Legitimación: </b>Consentimiento del interesado.</p>
<p><b> – Destinatarios: </b>Los datos facilitados no serán objeto de cesión a terceros, teniendo únicamente acceso a éstos EL PROPIETARIO DE LA WEB, empresas participadas y filiales de la misma.</p>
<p><b> – Derechos: </b>Acceder, rectificar y suprimir los datos, así como otros derechos incluidos en la política de privacidad.</p>
<p>&nbsp;</p>
<p><b>2 – SEGURIDAD</b></p>
<p>EL PROPIETARIO DE LA WEB, ha adoptado y adoptará todas las medidas técnicas y organizativas de seguridad que sean de obligación de conformidad con lo establecido por la legislación vigente y los estándares de calidad existentes en el sector, a fin de garantizar al máximo la seguridad y confidencialidad de las comunicaciones. EL PROPIETARIO DE LA WEB, garantiza que existen controles para prevenir la apertura de brechas en la seguridad u otras consecuencias negativas, adoptando las medidas organizativas y los procedimientos técnicos más adecuados con el fin de minimizar los riesgos. No obstante lo anterior, el usuario reconoce y acepta que las medidas de seguridad en Internet no son inexpugnables.</p>
<p>&nbsp;</p>
<p><b>3 – FINALIDAD</b></p>
<p>Le comunicamos que sus datos personales únicamente serán tratados, con el fin de ser informado sobre aspectos corporativos, así como de productos y servicios de EL PROPIETARIO DE LA WEB</p>
<p>&nbsp;</p>
<p><b>4 – LEGITIMACIÓN</b></p>
<p>La legitimación de la recogida y tratamiento de sus datos personales, así como su inclusión en un listado, se basa en la obtención de su consentimiento. Debido a que la finalidad del tratamiento no se basa en una obligación legal, o de interés legítimo del responsable, ni para la ejecución de un contrato o por ser una misión de interés público, le requerimos que nos preste su consentimiento para tratar sus datos de una forma lícita.</p>
<p>&nbsp;</p>
<p><b>5 – PLAZO DE CONSERVACIÓN</b></p>
<p>EL PROPIETARIO DE LA WEB conservará los datos personales proporcionados mientras se mantenga el interés del Responsable que motivó la recogida de los datos y no se solicite su supresión por parte de la persona interesada. Así como el plazo de conservación establecido legalmente.</p>
<p>&nbsp;</p>
<p><b>6 – DESTINATARIOS</b></p>
<p>Los datos facilitados no serán objeto de cesión a terceros, teniendo únicamente acceso a éstos EL PROPIETARIO DE LA WEB, empresas participadas y filiales de la misma, siguiendo la Normativa Corporativa de EL PROPIETARIO DE LA WEB y la Política de Privacidad.</p>
<p>&nbsp;</p>
<p><b>7 – DERECHOS</b></p>
<p>La persona interesada tendrá derecho a obtener la confirmación sobre si el responsable o alguna empresa de su grupo están tratando sus datos personales o no, y en tal caso, derecho de acceso a sus datos personales. En este sentido, el interesado tendrá derecho a limitación del tratamiento de los datos entregados.</p>
<p>Los interesados podrán suprimir sus datos personales, además el responsable estará obligado a suprimir sin dilación indebida sus datos personales cuando ya no sean necesarios para los fines que fueron recogidos, el interesado retire el consentimiento, se oponga al tratamiento, estos sean tratados ilícitamente o cuando deban suprimirse para el cumplimiento de una obligación legal establecida en el Derecho de la Unión o de los Estados miembros. De la misma forma, el interesado podrá solicitar la rectificación de los datos personales inexactos.</p>
<p>Así mismo, los interesados se podrán oponer en cualquier momento, por motivos relacionados con su situación particular, a que sus datos personales sean objeto de tratamiento, incluida la elaboración de perfiles. El responsable dejará de tratar los datos, salvo por motivos legítimos imperiosos, o el ejercicio o la defensa de posibles reclamaciones.</p>
<p>El responsable comunicará cualquier rectificación o supresión de datos personales o limitación del tratamiento efectuado.</p>
<p>Finalmente, el interesado tendrá derecho a la portabilidad de sus datos, esto es, a recibir sus datos personales que haya facilitado a un responsable, en formato estructurado de uso común y lectura mecánica, y a transmitirlos a otro responsable del tratamiento sin que lo impida el responsable al que se los hubiera facilitado.</p>
<p>&nbsp;</p>

<p>POLÍTICA DE PRIVACIDAD Esta información se complementa con la página de aviso legal en la que se encuentran los datos legales. &nbsp; Tratamiento de Datos de Carácter Personal Algunos de los servicios que ofrece la web precisan la recogida de datos personales. &nbsp; 1 – CONFORMIDAD El interesado autoriza a EL PROPIETARIO DE LA WEB, [&hellip;]</p>
